 ((-6)/9)/(p/(-9)). Suppose i*s + s - 4 = 0. What is the highest common factor of s and 7?
1
Suppose -3*m - 2 = -14. Suppose m*h = 19 - 79. Let y be 44/5 + (-3)/h. Calculate the highest common divisor of 1 and y.
1
Let o(p) = p**3 + 6*p + 1 + 3 - 5*p**2 - 3*p**2. Let s be o(6). Let y = -21 - s. Calculate the greatest common factor of 33 and y.
11
Let h(v) = 2*v**2 + 4*v + 2. Let s be h(-2). Let q = -23 - -39. What is the highest common divisor of q and s?
2
Let c be 57/6 - 1/2. Let o be c + 0/((-1)/(-1)). Let a be 8/2 + -1 - -6. What is the highest common factor of o and a?
9
Suppose 2*u + 65 = 3*u. Suppose 3*k + 4*r = -70, 4*k + r = k - 85. Let y be k/(-4)*2 - 2. Calculate the greatest common factor of u and y.
13
Let u = 33 + -5. Calculate the greatest common factor of 7 and u.
7
Let b = 93 - 82. What is the highest common divisor of b and 44?
11
Suppose z + 2*z - 315 = 0. Calculate the greatest common factor of z and 42.
21
Suppose -4 = -s + 2. Let z be (-2 + 14/s)*3. Let c be -3 - (z - (0 - -10)). Calculate the greatest common factor of 12 and c.
6
Let a be 0 + 57 - (3 + -2). Let n be 3 - 2 - (-2 + 1). Let q be 25/3 - n/6. What is the highest common divisor of a and q?
8
Let h = -12 - -25. What is the greatest common factor of h and 104?
13
Let a be ((-3)/(-2))/(2/20). Let p = -12 + 14. Suppose p + 6 = 2*s, 0 = t + s - 64. Calculate the highest common factor of a and t.
15
Suppose -45 = -3*l + 3*p, -l = l + 3*p - 30. Let o = l + -4. What is the highest common factor of o and 110?
11
Let n = 4 + -1. Let o(h) = h**3 - h + 2. Let u be o(n). Suppose 0 = 4*q - 2*q - u. Calculate the greatest common factor of 13 and q.
13
Suppose 4*i - 97 + 9 = 0. Let c = 6 - 4. Calculate the highest common factor of i and c.
2
Suppose -2*f + 20 = 3*f. What is the greatest common divisor of f and 20?
4
Let l be (-3)/(-6)*(-1 - -7). Let n be 18/(-8)*(-12)/9. What is the highest common divisor of n and l?
3
Suppose 2*m + m - 128 = h, 0 = 5*h - 20. What is the highest common divisor of 4 and m?
4
Suppose -5*w - 3 + 183 = 5*i, 4*i = -2*w + 66. What is the highest common factor of w and 13?
13
Suppose -6 = m + 2*w, -4*w - 4 = -3*w. Suppose 0 = -2*x - m*x - 4. Let o be 1/(x*(-1)/153). Calculate the highest common factor of o and 17.
17
Suppose 5*z = 2*z + 9. Suppose -n + 2*w = z*n - 48, 4 = -w. Calculate the highest common divisor of n and 90.
10
Let f be (4/(-12))/((-1)/36). Calculate the greatest common divisor of 132 and f.
12
Suppose 0 = -w + 3*n + 15, -4*n + n - 6 = 0. What is the highest common divisor of 9 and w?
9
Let j(t) = t**3 + 9*t**2 + 9*t + 8. Let i be j(-8). Suppose i = -q - 2 + 20. What is the highest common factor of q and 18?
18
Let m be (-6)/(0 - 2) + 0. Let r(i) = -i + 10. Let h be r(7). What is the greatest common divisor of h and m?
3
Let q be 2/(-10) + (-91)/(-5). Suppose -3*r = -5*d - 2*r + 131, 5*d = 2*r + 127. What is the highest common divisor of q and d?
9
Let m(y) = -y**3 + 9*y**2 - 10*y. Let x be m(7). Calculate the greatest common divisor of x and 7.
7
Suppose -4*k + 20 = 0, -k + 7 = -3*q + k. Suppose q + 3 = z. What is the highest common divisor of z and 10?
2
Let r = -3 - 9. Let w be 4/r + (-1520)/(-6). What is the highest common factor of w and 23?
23
Let w(g) = 34*g**2 + 2*g - 1. Let i be w(1). What is the greatest common factor of 5 and i?
5
Let l be (-4)/(-10) - 372/(-20). Suppose 0 = -h - 356 - 200. Let n = -347 - h. What is the greatest common divisor of n and l?
19
Let m = -17 + 25. What is the greatest common divisor of 88 and m?
8
Let w(y) = 2*y - 5. Let j be w(4). Suppose 2*o + 2*x = 10, -j*o + 3*x - 7 = -2*o. Let r = -11 - -15. What is the greatest common factor of o and r?
2
Let f = 7 - -8. Calculate the highest common factor of 15 and f.
15
Let i = 7 + 19. Calculate the highest common factor of 208 and i.
26
Suppose r - 220 = -2*f, -3 - 5 = 2*r. Calculate the greatest common divisor of 28 and f.
28
Let b be -12*(3 + -4) + 3. Suppose 93 = -5*l - 4*x + 7, 5*l + 3*x = -87. Let r be (l/4)/(1/(-30)). What is the greatest common factor of r and b?
15
Suppose -12*j = -8*j - 112. Calculate the highest common divisor of 42 and j.
14
Suppose 3*x + 3 = 0, -4*b + 2*x - 1 - 5 = 0. Let z = 7 + b. Calculate the highest common factor of z and 5.
5
Let y(z) = -z**3 - 8*z**2 + 7. Suppose 4*b - 1 = -33. Let k be y(b). Let n be 486/14 + (-2)/(-7). Calculate the greatest common factor of k and n.
7
Let g = 3 + 2. Let f = g - 1. Let h be (2 + 0)*(1 + 2). Calculate the highest common factor of f and h.
2
Let n(g) = g**2 - 8*g. Suppose -6*p + 8*p + 14 = 0. Let i be n(p). Calculate the greatest common factor of 15 and i.
15
Suppose 1 = -s + 7. Let k(w) = w**3 - 7*w**2 + 5*w + 7. Let y be k(s). What is the greatest common factor of 1 and y?
1
Suppose 261 - 81 = 5*n. Calculate the highest common divisor of n and 27.
9
Let h be 40*4/(-24)*-3. Suppose 0 = 4*x - 3*g - 188, -g - 3*g - 84 = -2*x. What is the greatest common divisor of h and x?
10
Let z be 0 - (-75 + 1 + -1). What is the greatest common divisor of 30 and z?
15
Suppose -w - 3*f - 8 = 0, 3*f = -2*w - 2*w + 13. What is the highest common divisor of 3 and w?
1
Let s(x) = x**2 - 7*x - 10. Let f be s(12). Calculate the highest common divisor of f and 20.
10
Suppose -2*n + 390 = 4*v, -3*n - n = -2*v + 220. What is the greatest common factor of v and 20?
20
Let x = -89 - -140. Let n be -2 + (21 - (2 + 0)). What is the highest common factor of n and x?
17
Let d(y) = -7 + 0 - y**3 + 10*y**2 + y - 5*y**3 + 5*y**3. Let m be d(10). Calculate the highest common divisor of 33 and m.
3
Let i(o) = o**3 - 3*o**2 + o + 2. Let q be i(2). Suppose q = b + 2*b - 6. Calculate the highest common divisor of b and 3.
1
Let k(a) = 2*a**3 + 2*a**2 + 2*a + 2 - 2*a**2 - 4*a. Let w be k(2). What is the greatest common factor of 35 and w?
7
Suppose 5*v - 5*t = 40, 2*t - 9 = 2*v + 5*t. What is the greatest common divisor of 1 and v?
1
Suppose -2*t - 2*o = 3*o - 88, t + 5*o - 54 = 0. What is the highest common factor of t and 306?
34
Let p(y) = y**2 + 17*y - 7. Let a be p(-18). Calculate the highest common divisor of a and 44.
11
Suppose -2*r - 11 = 3*q, -5*r - 7*q - 15 = -2*q. Suppose -145 = -r*w - 3*w - i, -2*i = -3*w + 74. What is the highest common factor of w and 56?
28
Let m = -7 - -5. Let k(d) = d**2 + 2*d. Let g be k(m). Let q(o) = -o**2 - o + 4. Let b be q(g). Calculate the highest common divisor of b and 12.
4
Let u be (-1)/(-2 + 36/20). What is the highest common factor of u and 3?
1
Let l = 4 + -2. Suppose 0 = -a + 3*a - 2. Calculate the highest common factor of l and a.
1
Let r = 23 + -3. Suppose d = -2*d + 9. Suppose o + d*o = 16. What is the greatest common divisor of r and o?
4
Let z(w) be the first derivative of 2 + 2/3*w**3 - w**2 + w. Let p be z(3). What is the highest common divisor of 117 and p?
13
Let r = -2 - -10. What is the greatest common factor of r and 20?
4
Let j(g) = -2*g**3 - 43*g**2 - 28*g - 33. Let m be j(-21). Calculate the greatest common divisor of m and 76.
38
Let o be -1587*((-7)/3 + 2). Suppose 8*y - 692 = 3*y - 4*x, -o = -4*y + 5*x. Calculate the highest common factor of 17 and y.
17
Suppose -5*x = t - 21, -x + 2 + 2 = 0. Suppose -t - 15 = -4*g. Let r be 404/g - (1 - 0). What is the greatest common divisor of 40 and r?
20
Let v be (-140)/(-42)*24/10. Let x = 3 + -2. Calculate the greatest common divisor of v and x.
1
Let p = 56 + -4. Let i(n) = p + 3*n**3 - 20 - 2*n**3. Let g be i(0). What is the greatest common factor of g and 16?
16
Suppose 5*l = 44 - 9. Let j be 56*(-1 - (-6)/4). Calculate the highest common factor of j and l.
7
Let l = 1 + 1. Let k be 1762/14 - l/(-14). Calculate the highest common divisor of k and 21.
21
Let k = -41 + 101. Suppose 2*t = 3*t. Suppose 2*g + 2*g + 16 = t, 3*a - 20 = -4*g. What is the greatest common factor of k and a?
12
Let q = -279 + 415. Let l(w) = -w + 1. Let t be l(-16). What is the greatest common divisor of q and t?
17
Suppose -8*u + 5*u = -48. What is the highest common factor of 144 and u?
16
Let y(g) = -g**3 + 4*g**2 - 2*g + 2. Suppose -4 = -k - 1. Let q be y(k). Suppose -8 = -4*p + 72. Calculate the greatest common divisor of p and q.
5
Suppose 4*l + 20 = 0, 6*d - 3*l = 2*d - 717. Let y = -102 - d. Calculate the greatest common fact